culate the remainder when 16344 is divided by 518.
286
Calculate the remainder when 808 is divided by 66.
16
What is the remainder when 412534 is divided by 8?
6
Calculate the remainder when 11095 is divided by 1503.
574
What is the remainder when 324197 is divided by 20?
17
What is the remainder when 12446 is divided by 953?
57
What is the remainder when 375874 is divided by 197?
195
Calculate the remainder when 4416 is divided by 1097.
28
Calculate the remainder when 2403764 is divided by 38.
36
Calculate the remainder when 926 is divided by 856.
70
What is the remainder when 3791 is divided by 586?
275
What is the remainder when 27623 is divided by 66?
35
What is the remainder when 134052 is divided by 331?
328
What is the remainder when 2825 is divided by 561?
20
What is the remainder when 148239 is divided by 340?
339
Calculate the remainder when 18406 is divided by 170.
46
What is the remainder when 820236 is divided by 40?
36
What is the remainder when 4270 is divided by 330?
310
Calculate the remainder when 139829 is divided by 885.
884
Calculate the remainder when 6422 is divided by 3037.
348
Calculate the remainder when 1146639 is divided by 21.
18
Calculate the remainder when 32885 is divided by 142.
83
What is the remainder when 131676 is divided by 1829?
1817
What is the remainder when 26595 is divided by 503?
439
Calculate the remainder when 857 is divided by 811.
46
What is the remainder when 14897 is divided by 63?
29
What is the remainder when 19687 is divided by 98?
87
What is the remainder when 8186 is divided by 8157?
29
What is the remainder when 32325 is divided by 10775?
0
Calculate the remainder when 79974 is divided by 11.
4
Calculate the remainder when 148316 is divided by 299.
12
What is the remainder when 32328 is divided by 8080?
8
Calculate the remainder when 7572 is divided by 143.
136
What is the remainder when 190727 is divided by 7?
5
Calculate the remainder when 4393 is divided by 625.
18
Calculate the remainder when 6242 is divided by 1022.
110
Calculate the remainder when 3901 is divided by 4.
1
Calculate the remainder when 6569 is divided by 6533.
36
Calculate the remainder when 4654 is divided by 80.
14
Calculate the remainder when 10017 is divided by 3338.
3
What is the remainder when 5726 is divided by 230?
206
Calculate the remainder when 39631 is divided by 35.
11
What is the remainder when 8854 is divided by 444?
418
What is the remainder when 30849 is divided by 143?
104
Calculate the remainder when 30473 is divided by 465.
248
Calculate the remainder when 12178 is divided by 12175.
3
What is the remainder when 2793 is divided by 158?
107
What is the remainder when 5672 is divided by 835?
662
Calculate the remainder when 6398 is divided by 1.
0
Calculate the remainder when 29176 is divided by 64.
56
What is the remainder when 9123 is divided by 2902?
417
What is the remainder when 11282 is divided by 38?
34
Calculate the remainder when 12255 is divided by 4013.
216
What is the remainder when 1806 is divided by 438?
54
What is the remainder when 10986 is divided by 87?
24
What is the remainder when 2505958 is divided by 90?
88
What is the remainder when 465502 is divided by 587?
11
Calculate the remainder when 1486 is divided by 230.
106
What is the remainder when 30982 is divided by 322?
70
Calculate the remainder when 1247 is divided by 315.
302
What is the remainder when 1811369 is divided by 242?
241
Calculate the remainder when 2637 is divided by 597.
249
Calculate the remainder when 9252 is divided by 235.
87
What is the remainder when 2866 is divided by 190?
16
What is the remainder when 229876 is divided by 88?
20
Calculate the remainder when 178042 is divided by 73.
68
What is the remainder when 20119 is divided by 234?
229
Calculate the remainder when 927 is divided by 907.
20
What is the remainder when 594 is divided by 95?
24
Calculate the remainder when 291962 is divided by 188.
186
What is the remainder when 39564 is divided by 73?
71
What is the remainder when 39639 is divided by 2003?
1582
What is the remainder when 20641 is divided by 52?
49
Calculate the remainder when 7460 is divided by 3.
2
Calculate the remainder when 279012 is divided by 62.
12
What is the remainder when 2613 is divided by 432?
21
Calculate the remainder when 192022 is divided by 252.
250
Calculate the remainder when 17220 is divided by 125.
95
Calculate the remainder when 17164 is divided by 4290.
4
What is the remainder when 4466 is divided by 506?
418
Calculate the remainder when 5736 is divided by 337.
7
Calculate the remainder when 97981 is divided by 48984.
13
What is the remainder when 560398 is divided by 223?
222
What is the remainder when 11490 is divided by 5674?
142
What is the remainder when 229117 is divided by 45823?
2
What is the remainder when 6582 is divided by 3266?
50
What is the remainder when 39060 is divided by 19529?
2
Calculate the remainder when 7462 is divided by 1490.
12
What is the remainder when 14532 is divided by 1814?
20
Calculate the remainder when 26778 is divided by 124.
118
Calculate the remainder when 7426 is divided by 38.
16
What is the remainder when 5350 is divided by 191?
2
What is the remainder when 2468 is divided by 830?
808
Calculate the remainder when 7070 is divided by 960.
350
What is the remainder when 10930 is divided by 286?
62
What is the remainder when 2758 is divided by 1378?
2
What is the remainder when 5040 is divided by 70?
0
Calculate the remainder when 47921 is divided by 1088.
49
Calculate the remainder when 357 is divided by 114.
15
Calculate the remainder when 91497 is divided by 125.
122
What is the remainder when 2904 is divided by 199?
118
Calculate the remainder when 325853 is divided by 6389.
14
What is the remainder when 3161 is divided by 594?
191
What is the remainder when 215 is divided by 27?
26
What is the remainder when 8692 is divided by 1243?
1234
What is the remainder when 1645281 is divided by 501?
498
Calculate the remainder when 6491 is divided by 700.
191
Calculate the remainder when 25864 is divided by 629.
75
Calculate the remainder when 35940 is divided by 43.
35
Calculate the remainder when 6581 is divided by 328.
21
What is the remainder when 14346 is divided by 531?
9
Calculate the remainder when 817601 is divided by 31.
7
What is the remainder when 835067 is divided by 113?
110
Calculate the remainder when 22673 is divided by 7552.
17
What is the remainder when 92340 is divided by 30766?
42
Calculate the remainder when 20160 is divided by 47.
44
What is the remainder when 158498 is divided by 10?
8
What is the remainder when 819 is divided by 82?
81
Calculate the remainder when 57899 is divided by 100.
99
What is the remainder when 38901 is divided by 278?
259
What is the remainder when 78392 is divided by 28?
20
Calculate the remainder when 1866 is divided by 1858.
8
Calculate the remainder when 340 is divided by 179.
161
What is the remainder when 25756 is divided by 34?
18
Calculate the remainder when 1903988 is divided by 418.
416
Calculate the remainder when 57011 is divided by 91.
45
Calculate the remainder when 651 is divided by 592.
59
Calculate the remainder when 271550 is divided by 22.
4
What is the remainder when 49814 is divided by 57?
53
What is the remainder when 10658 is divided by 2131?
3
What is the remainder when 16946 is divided by 78?
20
Calculate the remainder when 13067158 is divided by 107.
104
What is the remainder when 12184 is divided by 4057?
13
What is the remainder when 95156 is divided by 98?
96
What is the remainder when 75237 is divided by 9404?
5
What is the remainder when 748 is divided by 362?
24
What is the remainder when 583 is divided by 4?
3
What is the remainder when 4011 is divided by 271?
217
Calculate the remainder when 285828 is divided by 7.
4
Calculate the remainder when 2512 is divided by 49.
13
Calculate the remainder when 55618 is divided by 1070.
1048
Calculate the remainder when 909968 is divided by 942.
938
What is the remainder when 7158 is divided by 341?
338
What is the remainder when 75201 is divided by 127?
17
Calculate the remainder when 11167 is divided by 294.
289
What is the remainder when 1000 is divided by 426?
148
What is the remainder when 4934 is divide